nd 17.
17
Let i be 12/30 + (-8)/(-5). Suppose i*h + 2*c - 108 = 0, -c = c - 10. Calculate the greatest common factor of h and 7.
7
Let n = 23 + -22. Suppose n = -3*v + 28. Calculate the highest common factor of 6 and v.
3
Suppose 0 = -3*w, -51 - 269 = -2*g + 5*w. What is the greatest common factor of 96 and g?
32
Let g = -2 + 9. Suppose i + g = -8. Let y be (-1086)/i + 8/(-20). What is the highest common divisor of 18 and y?
18
Suppose -831 = -5*v + 19. Let m be (v/20)/((-3)/(-24)). Calculate the highest common factor of m and 170.
34
Let a be ((-14)/6)/(2/(-36)). Let l(f) = 3*f - f + 2 - 3*f + 2*f. Let n be l(4). What is the highest common divisor of n and a?
6
Let z be (-36)/(-3)*(5 - -6). Let x(q) = 3*q. Let w be x(4). Calculate the greatest common factor of w and z.
12
Suppose -49 = -8*b + b. Let u be ((-24)/(-84))/(2/b). Calculate the highest common factor of u and 13.
1
Suppose 3*w = 5*v - 22, 2*w - 4*v - 44 = 4*w. Let s be w/(-4)*(-10)/(-5). What is the highest common factor of s and 35?
7
Let b = 61 + 99. Suppose -7*f + b = f. Suppose 4*t = -t + j + 245, 0 = 2*t + 4*j - 120. What is the greatest common divisor of t and f?
10
Let k(v) = 3*v**2 - 3*v + 2. Let q be k(2). Let l(z) = -4*z**2 + 51*z + 357. Let i be l(-5). What is the highest common factor of i and q?
2
Let p = 117 - 112. Let t = -18 - -63. Calculate the highest common divisor of p and t.
5
Let p(l) = -1 - 5*l**2 + 6 + 8*l + l**3 - 2*l**3. Let v be p(-6). Let n be (-2)/v - (-2092)/28. Calculate the highest common divisor of n and 30.
15
Let t(g) = 44*g**2 + 8*g + 17. Let f be t(-2). Calculate the greatest common factor of 3 and f.
3
Let j = 1075 - 1059. What is the highest common divisor of j and 8?
8
Suppose -3*c + 2*p + 12 = -0*c, -2*p = -2*c + 8. Let z be -2*c/(-8) - -11. Let l be 2/(-6) + (-114)/(-18). What is the greatest common factor of z and l?
6
Suppose 7*s - 11 = 6*s. Suppose -y - 5 = -s. Calculate the greatest common factor of y and 4.
2
Let t = 101 + -96. Suppose 0 = -4*k + 4*o - 9*o - 10, -6 = 3*k + 3*o. Suppose k = -0*g - g + 45. Calculate the highest common factor of t and g.
5
Let v be (30/(-25))/((-6)/450). What is the highest common factor of 510 and v?
30
Suppose -6*w + 3*w - 156 = 0. Let c be 78/w*(-16)/3. Calculate the greatest common factor of 72 and c.
8
Let s be 107 + 3 + 21 + -11. Let k be (1 + -3)/((-2)/30). Calculate the greatest common factor of k and s.
30
Suppose -3*z = 2*z + 5, -11 = -n + z. Let j = -1606 - -1611. What is the greatest common divisor of j and n?
5
Let q(d) = d**2 + 2*d. Let c be q(-6). Let f be (c/10)/(6/15). Suppose -27 = f*z - 7*z. What is the greatest common factor of 297 and z?
27
Let z = -7 - -11. Suppose 3*q + 2*o - 144 = 0, -3*q - z*o + o = -141. Suppose -q = -4*j + 46. Calculate the highest common divisor of 168 and j.
24
Suppose 5*c - 4*c - 5 = 0. Suppose o + c*t - 9 = 0, -3*o + 2*t = -8*o + 114. Let j be 36 - (0 - (-2 - -2)). What is the greatest common divisor of j and o?
12
Let w(y) = -y**3 - 14*y**2 - 15*y - 13. Let f be w(-13). What is the greatest common divisor of 52 and f?
13
Let j be ((-117)/(-26))/(2/12). What is the greatest common factor of 1107 and j?
27
Suppose -27 = 2*u - 107. Suppose -7 = 2*j - 23. What is the greatest common divisor of j and u?
8
Let p be (-2)/19 + 24300/171. Calculate the greatest common divisor of p and 2272.
142
Let b(z) = -7*z**2 + 11*z - 14. Let u(h) = -10*h**2 + 17*h - 21. Let v(t) = 7*b(t) - 5*u(t). Let m be v(8). What is the greatest common factor of 49 and m?
7
Let q(v) = v + 0*v - 4 + 5*v. Let l be q(6). Let f be (800/(-35))/(2/(-7)). Calculate the highest common divisor of f and l.
16
Let y be 4/(-18) + (-840)/(-135). Suppose -y*f = -2*f - 12. Let v = 5 + -4. What is the highest common factor of v and f?
1
Suppose 14*z = 8*z - 1092. Let t = -120 - z. Calculate the highest common factor of t and 31.
31
Let h be 13 + (-3 - (-4 + 2)). Let i be 0/(-2) - (-10 + 4/1). Calculate the highest common divisor of i and h.
6
Suppose 3*c + t + 2 = 7, 3*c + 3*t + 3 = 0. Suppose 3 = -c*m + 15. Suppose -2*o = d + 2*d - 172, -2*o + m = 0. What is the greatest common divisor of d and 14?
14
Suppose t - 15 = -5*v, 2*v - 90*t = -93*t + 6. Calculate the greatest common divisor of 51 and v.
3
Suppose 5 = -w, -i + 2*w = -5*i + 90. Let j(b) = 0*b - 4*b - 2*b + b. Let p be j(-2). Calculate the highest common factor of p and i.
5
Let w = 137 + -78. Suppose 8*g - w = 45. What is the highest common factor of g and 208?
13
Let m = 817 - 729. Calculate the greatest common factor of m and 11.
11
Let z = 14 - 7. Suppose -3*s = -z*s + 368. Suppose 0 = m - 3*b - 32, 4*b = 4*m - 136 + 32. What is the highest common factor of s and m?
23
Suppose -7*j = -5*c - 5*j + 1050, 5*c = 5*j + 1050. Calculate the greatest common divisor of c and 168.
42
Let k be ((2 + 3)/(-15))/(1/(-45)). Let z = k - 6. What is the highest common divisor of 45 and z?
9
Let a(d) = -d**3 + 6*d**2 - 7*d + 7. Let l be a(5). Let b be 100/(-30) + 10 - (-1)/3. Let k = b - l. Calculate the highest common divisor of 5 and k.
5
Let j(o) = -69*o - 78. Let l be j(-4). Calculate the greatest common divisor of l and 110.
22
Suppose 3*j - x = 47, -9*j + 5*j + 31 = 5*x. What is the greatest common factor of j and 112?
14
Suppose -7*b + 6*b = -7. Suppose 4*u = -4, -5*u - b = -0*f + f. Let k be (f + 4)/((-11)/(-330)). What is the greatest common factor of 12 and k?
12
Suppose 2*m + 1 = -3*y + 7*m, 45 = 5*y + m. Let p be (-3)/1 + (-1 - -4*7). What is the greatest common divisor of p and y?
8
Let i = 27 + -27. Suppose -h + 3*h - 88 = i. What is the highest common divisor of 4 and h?
4
Suppose 2*c + 4 - 17 = x, -x = -4*c + 27. Let u be c - (-4)/(4/(-3)). What is the greatest common factor of u and 20?
4
Suppose 69*p = 34*p + 3675. What is the greatest common divisor of p and 60?
15
Suppose -1833 = -15*l + 477. Calculate the highest common divisor of 28 and l.
14
Let m be (76/16)/((-3 - -1)/(-8)). Suppose m + 1 = 4*r. What is the highest common factor of r and 5?
5
Let z(y) be the third derivative of -y**6/60 - y**5/15 - y**4/12 + 4*y**2. Let a be z(-2). What is the greatest common divisor of a and 20?
4
Let g = 1 + 2. Suppose 3*k - 30 = -2*t, 20 = -k + g*k - 4*t. Suppose -23*x - 55 = -285. Calculate the highest common factor of k and x.
10
Let a be (1*57)/(3 - 0). Let w = 2 + a. What is the greatest common factor of w and 21?
21
Let q be 9 - 4 - 1/2*4. Let l = 0 + 2. Suppose -q*f - l*f + 50 = 0. Calculate the highest common factor of f and 90.
10
Let z be ((-24)/2)/(((-4)/16)/1). Calculate the greatest common factor of z and 32.
16
Let r = -53 + 63. Let n = -9 - -13. Calculate the greatest common divisor of n and r.
2
Let q be (-2)/((-2)/15) + 1. Let x = -7 + 47. Let t = 56 + x. What is the greatest common factor of t and q?
16
Suppose -959 = -4*x - 215. What is the greatest common divisor of x and 62?
62
Let i be (2/6)/((-2)/(-444)). Let q = i + -152. Let o be (38/3)/((-26)/q). Calculate the greatest common factor of o and 57.
19
Let j be (9/(-6)*1)/(2/(-4)). What is the highest common divisor of 114 and j?
3
Let d = 68 - 40. Suppose -3*v + 4*o = -71, 50*o - 11 = -v + 45*o. Calculate the greatest common divisor of v and d.
7
Let u = -5 - -17. Let t be (-1 + 1)*(-4)/u. Suppose 3*m - 789 + 165 = t. What is the highest common factor of 26 and m?
26
Let l = -50 - -155. What is the highest common divisor of l and 42?
21
Suppose 0 = -4*l - 16, -7*g + l - 4 = -6*g. Suppose 12 + 36 = 4*b. Let o be (b/(-4))/(6/g). Calculate the greatest common divisor of 12 and o.
4
Let f(i) = 7*i - 71. Suppose -12*o + 3*o = -153. Let t be f(o). Calculate the greatest common factor of t and 32.
16
Suppose -2*w - 618 = -s, 4*s + 15*w = 12*w + 2483. Calculate the highest common divisor of 40 and s.
20
Let c = 705 - 687. Calculate the greatest common factor of 441 and c.
9
Let g(y) = -8*y - 8. Let z be g(-8). Let v be (84/(-8))/((-18)/12). What is the greatest common divisor of z and v?
7
Suppose 0 = -2*d + 27 + 15. Let k be 49 - 51 - (1*-1 - d). What is the highest common divisor of k and 5?
5
Suppose -96*t + 77*t + 7657 = 0. Calculate the highest common factor of 124 and t.
31
Let p(m) = 4*m**2 + 10*m - 99. Let r be p(-7). Let g be -1*(-5 + 4/2). Calculate the greatest common facto